{"id":2,"date":"2017-07-28T20:19:58","date_gmt":"2017-07-28T18:19:58","guid":{"rendered":"https:\/\/www.mark-rohde.de\/?page_id=2"},"modified":"2025-12-28T18:07:55","modified_gmt":"2025-12-28T17:07:55","slug":"vita","status":"publish","type":"page","link":"https:\/\/www.mark-rohde.de\/?page_id=2","title":{"rendered":"Vita"},"content":{"rendered":"\n<p>Der geb\u00fcrtige Hamburger Mark Rohde ist Generalmusikdirektor am Mainfranken Theater W\u00fcrzburg.<\/p>\n\n\n\n<p>Er dirigierte renommierte Klangk\u00f6rper wie die M\u00fcnchner Philharmoniker, das Gewandhausorchester Leipzig, das Beethovenorchester Bonn, die NDR Radiophilharmonie, die M\u00fcnchner Symphoniker, das Wuppertaler Sinfonieorchester und die Litauische Nationalphilharmonie. Regelm\u00e4\u00dfig konzertiert er mit namhaften Solisten wie Antje Weithaas, Nils M\u00f6nkemeyer und Maximilian Hornung. Gastspiele f\u00fchrten ihn unter anderem an das Staatstheater N\u00fcrnberg, die Oper Bonn, das Staatstheater Kassel und das Theater St. Gallen. Mehrere Tourneen brachten ihn nach Asien.<\/p>\n\n\n\n<p>Nach seinem Violinstudium in Frankfurt am Main und dem Dirigierstudium bei Prof. Christof Prick in Hamburg begann Mark Rohde seine Laufbahn als Korrepetitor und Kapellmeister. 2011 wurde er 1. Kapellmeister an der Staatsoper Hannover. Sein Repertoire umfasste dort neben den gro\u00dfen italienischen Opern vor allem sp\u00e4tromantische und zeitgen\u00f6ssische Werke. In Hannover arbeitete er mit renommierten S\u00e4ngern wie Thomas Hampson, Neil Shicoff und Bryn Terfel zusammen. 2019 wechselte er als stellvertretender Generalmusikdirektor an das Nationaltheater Mannheim, von 2020 bis 2025 war er Generalmusikdirektor am Mecklenburgischen Staatstheater Schwerin.<\/p>\n\n\n\n<p>2022 erschien Mark Rohdes erste CD mit Werken der Komponistin Emilie Mayer beim Label Dabringhaus und Grimm. 2023 leitete er an der Deutschen Oper am Rhein die Premiere von&nbsp;<em>Giselle<\/em>. 2024 dirigierte er an der Leipziger Oper das Gewandhausorchester bei Auff\u00fchrungen von&nbsp;<em>La Boh\u00e8me<\/em>,&nbsp;<em>H\u00e4nsel und Gretel<\/em>&nbsp;sowie beim Leipziger Opernball. Im September 2024 war Mark Rohde Jurypr\u00e4sident des renommierten Internationalen Aeolus-Bl\u00e4serwettbewerbs in D\u00fcsseldorf.<\/p>\n\n\n\n<p>Im Jahr 2024 dirigierte er au\u00dferdem den zentralen Festakt zum Tag der Deutschen Einheit sowie die ZDF-Sendung&nbsp;<em>Weihnachten mit dem Bundespr\u00e4sidenten<\/em>.<\/p>\n\n\n\n<p>Im Dezember 2025 nahm er mit dem M\u00fcnchner Rundfunkorchester und den Oliver Triendl, Herve Joulain und weiteren Solisten Konzerte des Komponisten Josef Schelb auf, die CD erscheint 2026.<\/p>\n\n\n\n<p>Mark Rohde widmet sich auch intensiv der Neuen Musik. Er war mehrfach Gast bei der M\u00fcnchner Biennale und dirigierte Urauff\u00fchrungen von Komponisten wie J\u00f6rg Widmann, Giorgio Battistelli, Peter Michael Hamel und Klaus Lang.<\/p>\n","protected":false},"excerpt":{"rendered":"<p>Der geb\u00fcrtige Hamburger Mark Rohde ist Generalmusikdirektor am Mainfranken Theater W\u00fcrzburg. Er dirigierte renommierte Klangk\u00f6rper wie die M\u00fcnchner Philharmoniker, das Gewandhausorchester Leipzig, das Beethovenorchester Bonn, die NDR Radiophilharmonie, die M\u00fcnchner Symphoniker, das Wuppertaler Sinfonieorchester und die Litauische Nationalphilharmonie. Regelm\u00e4\u00dfig konzertiert er mit namhaften Solisten wie Antje Weithaas, Nils M\u00f6nkemeyer und Maximilian Hornung. Gastspiele f\u00fchrten ihn&#8230;<\/p>\n<p class=\"more-link-wrap\"><a class=\"more-link\" href=\"https:\/\/www.mark-rohde.de\/?page_id=2\">Read More<\/a><\/p>\n","protected":false},"author":2,"featured_media":192,"parent":0,"menu_order":0,"comment_status":"closed","ping_status":"open","template":"page-templates\/template-featured-image.php","meta":{"_genesis_hide_title":false,"_genesis_hide_breadcrumbs":false,"_genesis_hide_singular_image":false,"_genesis_hide_footer_widgets":false,"_genesis_custom_body_class":"","_genesis_custom_post_class":"","_genesis_layout":"","footnotes":""},"class_list":{"0":"post-2","1":"page","2":"type-page","3":"status-publish","4":"has-post-thumbnail","6":"entry"},"_links":{"self":[{"href":"https:\/\/www.mark-rohde.de\/index.php?rest_route=\/wp\/v2\/pages\/2","targetHints":{"allow":["GET"]}}],"collection":[{"href":"https:\/\/www.mark-rohde.de\/index.php?rest_route=\/wp\/v2\/pages"}],"about":[{"href":"https:\/\/www.mark-rohde.de\/index.php?rest_route=\/wp\/v2\/types\/page"}],"author":[{"embeddable":true,"href":"https:\/\/www.mark-rohde.de\/index.php?rest_route=\/wp\/v2\/users\/2"}],"replies":[{"embeddable":true,"href":"https:\/\/www.mark-rohde.de\/index.php?rest_route=%2Fwp%2Fv2%2Fcomments&post=2"}],"version-history":[{"count":48,"href":"https:\/\/www.mark-rohde.de\/index.php?rest_route=\/wp\/v2\/pages\/2\/revisions"}],"predecessor-version":[{"id":771,"href":"https:\/\/www.mark-rohde.de\/index.php?rest_route=\/wp\/v2\/pages\/2\/revisions\/771"}],"wp:featuredmedia":[{"embeddable":true,"href":"https:\/\/www.mark-rohde.de\/index.php?rest_route=\/wp\/v2\/media\/192"}],"wp:attachment":[{"href":"https:\/\/www.mark-rohde.de\/index.php?rest_route=%2Fwp%2Fv2%2Fmedia&parent=2"}],"curies":[{"name":"wp","href":"https:\/\/api.w.org\/{rel}","templated":true}]}}